se
Suppose 0*s = 2*a - s - 3278, -3*s = 4*a - 6536. Is a prime?
True
Let g = 416 - 87. Suppose 0 = 4*q + b - 4*b - 272, -g = -5*q + b. Is q composite?
True
Let x(w) = 51*w + 29. Is x(12) a composite number?
False
Let f(j) = 103*j**3 + 3*j**2 + 3*j + 3. Let x(u) = -207*u**3 - 5*u**2 - 5*u - 5. Let c(s) = -5*f(s) - 3*x(s). Is c(1) a prime number?
False
Suppose 0*a = -3*n - 3*a + 111, 0 = 2*a. Is n composite?
False
Let s(i) = -14*i**3 + 2*i + 2. Let g be s(-2). Suppose 2*r - 2*t = 5*r + g, -3*r - 125 = -t. Let p = r - -65. Is p composite?
True
Let j(l) = -l**3 - 4*l**2 + 4*l - 4. Suppose -7 = 3*m + 14. Is j(m) prime?
False
Let f = 2 - 0. Suppose -d - d - 5*p + 265 = 0, 2*p - 280 = -f*d. Is d a prime number?
False
Let g(q) = 3*q**2 + q. Is g(2) a prime number?
False
Let t(q) = 4*q**3 - 3*q**2 + 6*q - 5. Is t(6) prime?
True
Let t = 6 - 19. Is (327/(-2))/(t/26) a composite number?
True
Suppose -2*v + 415 = -603. Is v prime?
True
Let v(h) = 7*h**3 - 2*h**2 - 4*h + 3. Let b be v(5). Is -5*(b/(-5))/4 prime?
False
Let h = 858 + -498. Suppose 5*s + 17 = -3, 4*k = -4*s + h. Is k prime?
False
Let x be -249*-2*1/(-2). Let f be x/(-9) + (-1)/(-3). Suppose 104 = 4*q - f. Is q prime?
False
Let b = 935 - 626. Is b composite?
True
Is (1/2)/(3/3678) a prime number?
True
Let a = 770 + -19. Is a a prime number?
True
Let q be -1*(0 - -3)/(-1). Suppose 5*r - 18 = q*r. Is 464/6 + (-3)/r composite?
True
Let r(u) = -367*u - 3. Let t be r(-2). Suppose 5*k - 1124 - t = 0. Is k composite?
True
Let a(i) = 264*i - 7. Is a(4) composite?
False
Let b be (1 - -1) + 1 + -1. Suppose -3*f = b*f - 335. Is f a composite number?
False
Let t = -46 - -32. Is (-10)/(-35) + (-1438)/t composite?
False
Let s(q) = 23*q**2 + 4*q + 12. Let w be s(-8). Suppose -4*r = -u + r + 454, 3*r - w = -3*u. Is u composite?
False
Let y(m) = m**3 + 11*m**2 - 18*m - 7. Is y(-12) prime?
False
Suppose 5*t - 58 = 4*t. Is t composite?
True
Let q(p) = -35*p**2 - 4*p - 1. Let h be q(-2). Let g = h - -320. Is g prime?
False
Let j = -308 + 655. Is j a prime number?
True
Let w(o) be the second derivative of o**4/3 + 2*o**3/3 + 5*o**2/2 + o. Let f be (-4)/(-18) + 136/36. Is w(f) prime?
False
Let x be 256/5 + (-2)/10. Suppose 2*g - x = -g - 3*s, 3*s + 75 = 3*g. Is g prime?
False
Let w = -22 - -133. Let l = w - 52. Is l prime?
True
Is 4206/4 + (-215)/86 a prime number?
True
Suppose -2*u + 10 = 3*u. Suppose 0 = -11*z + 8*z. Suppose -4*t - 54 = -0*w - 3*w, z = -u*w + 2*t + 34. Is w composite?
True
Let q = -20 - -27. Suppose q*b - 2*b = 2335. Is b composite?
False
Let d(q) = 71*q**3 - 4*q**2 + 4*q + 2. Suppose 0*a - 5*a = 2*l - 14, l - 2*a + 2 = 0. Is d(l) prime?
False
Let c = 489 - 252. Is c a prime number?
False
Let m(p) = 54*p**3 - p**2 + p - 1. Let y be 6/15 - (-112)/(-5). Let q be y/(-18) + 4/(-18). Is m(q) a prime number?
True
Is ((-60)/8)/((-4)/8) composite?
True
Suppose 2 = -i - 2. Is (-26)/i*8/4 a composite number?
False
Let a be (4/1)/(0 + 1). Suppose y - 8 = -5*b + 2*b, a*b = -y + 12. Is -3 - 114/4*y composite?
True
Let c(k) = 3*k + 1. Let y be c(1). Suppose 0 = 3*i - y - 2. Suppose 0 = -v + 2*o + 45, -i = 5*o - 12. Is v a prime number?
False
Let v(n) = n + 1. Let s be v(3). Suppose -5*h + s*c = -103, 4*c = -3*h - 2*h + 87. Is h prime?
True
Let s = 14 - 14. Suppose 5*o = -2*v + 279, 5*v + s*o = -4*o + 655. Is v a composite number?
False
Is 0/(-2*(-4)/8) - -493 prime?
False
Suppose l - 3 = -f + 2, 5*l - 1 = 3*f. Suppose 0 = -3*t + 2*k + 353, 0 = 2*t + 2*t + f*k - 482. Is t a composite number?
True
Let w(n) = 5*n**2 + 4*n + 11. Let b(q) = -3*q**2 - 2*q - 6. Let r(h) = -7*b(h) - 4*w(h). Is r(-3) prime?
True
Let n = -11 + 16. Suppose n*w - 1057 = t - 2*t, 5*t = -5*w + 1065. Is w prime?
True
Suppose 5*o = 46 - 16. Is ((-4)/o)/(6/(-531)) composite?
False
Let f(l) = -12*l**3 - 4*l**2 - 5*l - 5. Is f(-4) prime?
True
Is (-2451)/(-11) + (-2)/(-11) composite?
False
Let o = -351 + 189. Let y be (-2)/5 - o/5. Suppose 2*t - 70 = y. Is t composite?
True
Let g = 17 - 24. Let v(f) = -f**3 - 5*f**2 + 7*f - 10. Is v(g) a prime number?
False
Let i be 1 - (-1 - (-2 + 3)). Suppose i = 4*y - 13. Suppose 2*m - 66 = y*h, -4*m - 13 = 2*h - 105. Is m a prime number?
False
Let q(o) = 2*o**2 + 9*o - 3. Is q(-12) a composite number?
True
Let b(s) = 2*s**3 - 9*s**2 - 6. Let m(n) = -n**3 + 5*n**2 - n - 5. Let u be m(4). Is b(u) prime?
True
Suppose 2*f + 6 = 0, 4*n - 5*f = 4 + 11. Suppose 2*p - 3*h + 2 = n, 3*h = -4*p - 2*h + 18. Is (2 + p)*131/4 a composite number?
False
Let c be (-6)/12 + (-2451)/6. Is (c/(-2))/((-1)/(-2)) a composite number?
False
Let s = 5 + -3. Let i be s*1*10/(-4). Is 10*i/(10/(-3)) prime?
False
Let q = 2047 - -134. Is q prime?
False
Suppose 0 = -13*j + 17*j - 476. Is j composite?
True
Let r = 639 + 38. Suppose 242 = -5*x + r. Is x a composite number?
True
Suppose 0*n - 5*n - 10 = 0. Is n*(74/(-4) - 0) a prime number?
True
Let w(o) = -411*o - 7. Let b(k) = -411*k - 8. Let i(f) = 6*b(f) - 5*w(f). Is i(-4) prime?
False
Let l(z) be the second derivative of -47*z**5/120 - z**4/8 - 2*z**3/3 - 4*z. Let f(r) be the second derivative of l(r). Is f(-2) a composite number?
True
Suppose 237*p - 241*p + 532 = 0. Is p a composite number?
True
Suppose -5*r + 3*g = 4 - 5, -3*g = -9. Suppose -270 = -6*j + 4*j + 4*i, -r*j - 5*i + 261 = 0. Is j composite?
True
Let x = 3 - -2. Suppose x*s = -0*o + 3*o + 262, 4*o - 4 = 0. Is s composite?
False
Suppose -4*z - 2 + 22 = 0. Let w(b) = -8*b - 5. Let c be w(z). Let s = c + 78. Is s composite?
True
Let y(i) = 54*i**2 + i. Let n be y(-1). Let v = n + -31. Is v a prime number?
False
Let y = 11 - 7. Let p be (4/5)/(y/(-30)). Is (-2352)/(-18) + (-2)/p prime?
True
Let c(g) = g**3 - g. Let d(o) = 7*o**3 - 4*o**2 - 8*o - 2. Let s(z) = -6*c(z) + d(z). Suppose -4*n = -35 + 11. Is s(n) a prime number?
False
Is 34068/27 - (-10)/45 composite?
True
Suppose 0 = x + x - 6. Suppose -2*z + 1 = -x. Is (15/z - 3)*2 a composite number?
True
Let t = -6 - -9. Suppose 0 = -b - t*b - 20. Is 70 + b - (-2 - -2) composite?
True
Let w = -4 + 8. Suppose -g - 2*g + w*u = -329, -3*g + 334 = u. Is g a prime number?
False
Let u be -300*(1/4 - 1). Let v = u - 116. Is v composite?
False
Suppose -2*b + 338 = -126. Let o = b - 155. Is o a composite number?
True
Suppose -4*k - 4 = 12, 2*k + 17 = -3*u. Let m(f) = f - 1. Let l be m(6). Is (3 + -18)*u/l a prime number?
False
Suppose 0 = 4*j + 105 - 21. Let l = 11 + j. Is l/(((-6)/(-9))/(-1)) a prime number?
False
Suppose -633 = 117*o - 120*o. Is o a prime number?
True
Let o(g) = 1399*g - 2. Is o(1) a composite number?
True
Let p(h) = -h**3 + 3*h**2 + 6*h - 5. Let c be p(4). Suppose 3*o - c = 2*o. Suppose 2*u + w - 275 = -o*u, 165 = 3*u + 5*w. Is u a prime number?
False
Suppose -6*f + 2*f + 8 = 0. Suppose f*o - 11 = -4*q - 27, 0 = 3*q + 3. Is (2*-1)/(o/201) composite?
False
Let q(j) = 22*j**2 - 18*j - 11. Is q(6) composite?
False
Let n(q) = 72*q + 49. Is n(5) composite?
False
Suppose 20 + 22 = 3*t. Is t composite?
True
Let x = -3 - -3. Is 253/(-1*(x + -1)) a prime number?
False
Suppose 2*d = -2*d - 364. Is 2/(-1 - 93/d) composite?
True
Let s = -228 - -424. Suppose -2*f + s = 2*f. Is f prime?
False
Suppose -3*v - 10 = -8*v, -5*x - 21 = -3*v. Is 49*1*(x - -4) a composite number?
True
Is 4/6 - ((-322985)/15)/13 prime?
True
Let t(l) = l + 11. Let u(k) = -k**3 - 2*k**2 + 3*k + 1. Let b be u(-3). Let y be 3/(9/24)*b. Is t(y) composite?
False
Suppose -f + 23 = v - 2*f, -3*v + 41 = 4*f. Is v a composite number?
False
Suppose 9*o + 10*o - 741 = 0. Is o a composite number?
True
Let o = -20 + 25. Suppose -6*x - 460 = -4*k - 3*x, -o*x + 115 = k. Is k composite?
True
Suppose 0 = -9*p + 2*p + 15771. Is p prime?
False
Let z(u) = -u**2 - 14*u - 14. Is z(-12) a composite number?
True
Suppose -4*p - 208 = 44. Let f = p + 140. Is f a prime number?
False
Let y = 1075 + -627. Suppose 4*c - 567 = g, -g + y - 169 = 2*c. Is c a composite number?
True
Suppose -5478 + 1789 = -7*l. Is l a prime number?
False
Suppose i = -0*i - p - 3, -3*i - 2*p = 14. Let o = 3 + i. Is (254/(-8))/(o/20) composite?
False
Is (-12)/8 + 17236/8 a composite number?
False
Let y(p) = -p**2 - 7*p - 5. Let x be y(-6). Is (5 + -108)/(x - 2) a prime number?
True
Let h(t) be the third derivative of 3*t**4/2 + 5*t**3/6 + 2*t**2. Is h(4) comp